of 5722951?
13, 440227
List the prime factors of 9587125.
5, 76697
List the prime factors of 819437.
819437
List the prime factors of 2526173.
13, 317, 613
What are the prime factors of 3046076?
2, 11, 107, 647
What are the prime factors of 185336?
2, 23167
List the prime factors of 93176.
2, 19, 613
What are the prime factors of 167691?
3, 55897
List the prime factors of 139284.
2, 3, 53, 73
What are the prime factors of 389373?
3, 107, 1213
What are the prime factors of 1365082?
2, 89, 7669
List the prime factors of 11776952.
2, 11, 37, 3617
What are the prime factors of 9809949?
3, 3269983
What are the prime factors of 1218440?
2, 5, 83, 367
What are the prime factors of 446340?
2, 3, 5, 43, 173
List the prime factors of 275146.
2, 137573
List the prime factors of 382570.
2, 5, 67, 571
What are the prime factors of 2343023?
19, 127, 971
What are the prime factors of 891956?
2, 13, 17, 1009
What are the prime factors of 733381?
11, 19, 29
List the prime factors of 1186865.
5, 237373
List the prime factors of 58299.
3, 19433
List the prime factors of 578395.
5, 115679
List the prime factors of 654013.
283, 2311
List the prime factors of 161853.
3, 53951
List the prime factors of 2904170.
2, 5, 83, 3499
List the prime factors of 1742101.
1742101
List the prime factors of 854604.
2, 3, 41, 193
List the prime factors of 968295.
3, 5, 64553
What are the prime factors of 22994722?
2, 11497361
What are the prime factors of 118689?
3, 39563
List the prime factors of 1038832.
2, 64927
What are the prime factors of 595548?
2, 3, 71, 233
What are the prime factors of 103630?
2, 5, 43, 241
What are the prime factors of 202941?
3, 22549
List the prime factors of 769157.
191, 4027
What are the prime factors of 972715?
5, 194543
What are the prime factors of 1248196?
2, 97, 3217
List the prime factors of 138647.
138647
What are the prime factors of 9396?
2, 3, 29
What are the prime factors of 3591569?
3591569
List the prime factors of 6299977.
6299977
List the prime factors of 2375387.
7, 339341
What are the prime factors of 744648?
2, 3, 19, 23, 71
What are the prime factors of 199206?
2, 3, 7, 17, 31
What are the prime factors of 698416?
2, 43651
List the prime factors of 21809.
113, 193
List the prime factors of 562810.
2, 5, 23, 2447
List the prime factors of 12651623.
12651623
What are the prime factors of 1014559?
7, 13, 11149
List the prime factors of 219525.
3, 5, 2927
What are the prime factors of 28252651?
7, 4036093
List the prime factors of 229253.
229253
What are the prime factors of 51860?
2, 5, 2593
What are the prime factors of 3516303?
3, 7, 167443
List the prime factors of 118228.
2, 11, 2687
What are the prime factors of 363383?
41, 8863
List the prime factors of 6882749.
823, 8363
What are the prime factors of 5596255?
5, 7, 127, 1259
List the prime factors of 10491561.
3, 1165729
What are the prime factors of 6258125?
5, 17, 19, 31
List the prime factors of 12986470.
2, 5, 7, 17, 1559
What are the prime factors of 1202783?
1202783
List the prime factors of 9107991.
3, 73, 4621
List the prime factors of 3141990.
2, 3, 5, 431
What are the prime factors of 1011590?
2, 5, 101159
List the prime factors of 327954.
2, 3, 11, 4969
List the prime factors of 10168366.
2, 13, 103, 3797
What are the prime factors of 7085623?
53, 133691
List the prime factors of 809735.
5, 161947
What are the prime factors of 4759174?
2, 7, 48563
What are the prime factors of 7486640?
2, 5, 7, 29, 461
List the prime factors of 230955.
3, 5, 89, 173
List the prime factors of 5885638.
2, 11, 17, 15737
What are the prime factors of 192917?
192917
What are the prime factors of 2071692?
2, 3, 7, 8221
What are the prime factors of 5206195?
5, 1041239
What are the prime factors of 3479118?
2, 3, 17, 23, 1483
List the prime factors of 8221383.
3, 913487
What are the prime factors of 290852?
2, 19, 43, 89
List the prime factors of 355578.
2, 3, 59263
List the prime factors of 792526.
2, 7, 8087
What are the prime factors of 30215?
5, 6043
What are the prime factors of 48728?
2, 6091
List the prime factors of 1064402.
2, 103, 5167
What are the prime factors of 42245?
5, 7, 17, 71
List the prime factors of 421836.
2, 3, 35153
What are the prime factors of 983084?
2, 245771
List the prime factors of 339118.
2, 13, 13043
What are the prime factors of 608377?
7, 11, 7901
What are the prime factors of 11136659?
89, 125131
What are the prime factors of 162960?
2, 3, 5, 7, 97
List the prime factors of 1359794.
2, 679897
List the prime factors of 268421.
73, 3677
List the prime factors of 1991982.
2, 3, 331997
What are the prime factors of 122918?
2, 41, 1499
What are the prime factors of 198555?
3, 5, 7, 31, 61
List the prime factors of 1907553.
3, 17, 113, 331
List the prime factors of 219536.
2, 13721
What are the prime factors of 765638?
2, 31, 53, 233
What are the prime factors of 357403?
241, 1483
What are the prime factors of 389474?
2, 193, 1009
List the prime factors of 524322.
2, 3, 29129
List the prime factors of 1353774.
2, 3, 225629
What are the prime factors of 394631?
394631
What are the prime factors of 2804804?
2, 23, 43, 709
List the prime factors of 39401372.
2, 29, 31, 10957
List the prime factors of 87856.
2, 17, 19
List the prime factors of 589870.
2, 5, 61, 967
What are the prime factors of 144378?
2, 3, 13, 617
List the prime factors of 7534662.
2, 3, 23, 71, 769
What are the prime factors of 390446?
2, 7, 167
What are the prime factors of 4509927?
3, 501103
List the prime factors of 202041.
3, 7, 1069
List the prime factors of 477792.
2, 3, 7, 79
List the prime factors of 5841903.
3, 307, 6343
What are the prime factors of 1370161?
13, 105397
List the prime factors of 15172092.
2, 3, 13, 17, 1907
List the prime factors of 252734.
2, 107, 1181
List the prime factors of 949849.
949849
What are the prime factors of 249582?
2, 3, 41597
What are the prime factors of 8509863?
3, 2836621
List the prime factors of 512345.
5, 43, 2383
List the prime factors of 7115059.
7, 647, 1571
List the prime factors of 159258.
2, 3, 11, 19, 127
List the prime factors of 14197599.
3, 13, 97, 139
What are the prime factors of 27187578?
2, 3, 11, 61, 2251
What are the prime factors of 1031429?
7, 147347
What are the prime factors of 554023?
67, 8269
List the prime factors of 2396655.
3, 5, 41, 433
List the prime factors of 1464325.
5, 58573
List the prime factors of 692798.
2, 346399
What are the prime factors of 320073?
3, 13, 29, 283
What are the prime factors of 553106?
2, 276553
What are the prime factors of 248849?
29, 8581
List the prime factors of 208637.
11, 13, 1459
What are the prime factors of 7006894?
2, 509, 6883
What are the prime factors of 1414828?
2, 41, 8627
What are the prime factors of 6901287?
3, 2300429
List the prime factors of 1689499.
7, 19, 12703
What are the prime factors of 212979?
3, 13, 43, 127
List the prime factors of 28113729.
3, 7, 1338749
What are the prime factors of 220458?
2, 3, 7, 29, 181
What are the prime factors of 18248309?
18248309
List the prime factors of 3461707.
23, 59, 2551
List the prime factors of 86513.
7, 17, 727
What are the prime factors of 4297581?
3, 67, 7127
What are the prime factors of 168546?
2, 3, 7, 4013
List the prime factors of 38527.
59, 653
List the prime factors of 3644796.
2, 3, 37, 8209
What are the prime factors of 122597?
122597
What are the prime factors of 3825450?
2, 3, 5, 8501
List the prime factors of 11897134.
2, 29, 41, 5003
List the prime factors of 385141.
385141
What are the prime factors of 410253?
3, 136751
What are the prime factors of 1225196?
2, 7, 19, 47
List the prime factors of 268978.
2, 134489
What are the prime factors of 585639?
3, 65071
List the prime factors of 87452.
2, 21863
List the prime factors of 187422.
2, 3, 31237
What are the prime factors of 644681?
337, 1913
What are the prime factors of 230746?
2, 113, 1021
List the prime factors of 1317076.
2, 329269
List the prime factors of 381193.
293, 1301
What are the prime factors of 16092329?
11, 1462939
List the prime factors of 5119185.
3, 5, 31, 101, 109
What are the prime factors of 8210435?
5, 991, 1657
What are the prime factors of 2603875?
5, 37, 563
List the prime factors of 495397.
7, 17, 23, 181
What are the prime facto